et q be z(1). Let v = 51 + q. Is v prime?
True
Let x = 72 + -70. Let l be 322663/55 - (x + (-12)/5). Suppose -6*k = -l - 655. Is k composite?
False
Suppose -2*p - 12 = 0, -4*p + 6*p - 2611673 = -5*k. Is k a prime number?
True
Let y(r) = 1288*r**2 + 24*r - 38. Let g be y(2). Let u = g + -835. Is u a prime number?
True
Suppose 0 = -27*v + 9903 - 696. Is v prime?
False
Let s = -98 + -12. Let l = 53 - s. Is l a composite number?
False
Suppose n = 2*c - 25468, -c - 20*n + 21*n = -12737. Is c a composite number?
True
Let d(n) be the second derivative of -n**5/20 + n**4/12 + n**3/3 - 3*n + 8. Let f be d(0). Suppose f*j - 3*j + 2503 = -2*t, -2 = -2*t. Is j composite?
True
Suppose 9*p + 42 = 13*p + 2*k, -5*k + 40 = 5*p. Suppose 0 = -17*l + p*l + 12. Suppose l*c - 67 = 2600. Is c a composite number?
True
Let p(r) = -3*r**2 + 7*r + 34. Let j be p(-27). Let m = j + 6699. Is m a prime number?
True
Let i(a) = -51*a**3 + 4 + 3*a**2 + 3*a + 1 - 2. Let c be i(3). Let q = c + 2329. Is q composite?
False
Let s(i) = i**2 + 61*i - 467. Let w be s(-68). Suppose -10071 - 12937 = -4*y. Suppose w*r = r + y. Is r prime?
True
Let t be 92827/1691 + 2/19. Suppose -t*z = -74*z + 10279. Is z a prime number?
True
Suppose -2249*c = -2063*c - 1116930. Is c composite?
True
Suppose -4*w = 4*g + 12, 2*w = 41*g - 42*g - 4. Let p(q) = -1362*q**3 - q**2 - q - 1. Is p(w) a composite number?
False
Let n = 98 + -96. Suppose -4*u - 4 - 15 = x, n*u + 14 = 4*x. Is -10*u/25 + 687/1 a prime number?
False
Let c(d) = 5*d**2 + 79*d - 299. Is c(29) composite?
False
Let d be 14/(-140) + (860662/20 - 1). Suppose 31*w - d = 7*w. Is w prime?
False
Is ((-207)/216 - (-6)/48) + (-2357590)/(-12) prime?
False
Let j(p) = 7*p**3 + 6*p**2 - 25*p - 8. Let s be j(6). Let z = 18169 + s. Is z prime?
True
Suppose p + 4*s + 21 = 0, 4*p + s + 162 = -p. Let y = p - -38. Suppose 5*i + y*w = 130, 4*w + 73 = 3*i + 8*w. Is i composite?
False
Suppose 7866949 = 29*i + 2849166. Is i a prime number?
False
Suppose -276*o + 271*o = -5*a - 172815, 138204 = 4*o + 4*a. Is o composite?
True
Suppose -5*q - 60 = 5*a, 44 = -4*q + 29*a - 34*a. Let g(y) = -y**2 - 66*y - 29. Is g(q) composite?
True
Suppose -i + 2*c + 0 = 1, -5*i + 2*c = -19. Let w be (-2)/(-4)*(10 + -4)*(-5 - -536). Suppose -b = 5*g - w, 1017 + 574 = i*g + 2*b. Is g prime?
False
Suppose 3*r - 213 + 84 = 0. Suppose -r = -7*i - 15. Suppose 3*b - 962 = -i*w, 6*b = b - 4*w + 1590. Is b composite?
True
Suppose 79*u = -2062629 + 6305954 + 10844016. Is u a prime number?
True
Suppose 14*x = 43*x - 58. Suppose -5*c + 2*f = -f - 18205, 14564 = 4*c + x*f. Is c a prime number?
False
Let v = -40 + 39. Let f be 4*1*(21/6 + v). Suppose w - 2*t = 867, w + 11*t - f*t - 870 = 0. Is w a prime number?
False
Is (321837/(-5))/((-1170)/75 + 15) prime?
True
Suppose 12449991 + 9036197 = 76*g. Is g prime?
True
Let r(c) = 30*c - 17. Let a = 46 + -22. Is r(a) a prime number?
False
Let p = 31 - 31. Suppose -3*g + p*g + 11 = 4*m, 4*g = -m - 7. Suppose -m*c = 20, c = y - 310 - 363. Is y a prime number?
False
Suppose 4*d = 17*b - 20*b + 13634, 5*d = -b + 17037. Is d prime?
True
Suppose -45171472 + 14693098 = -156*f + 17835918. Is f prime?
True
Suppose m - 2 = -h, -2*m = -2 - 2. Let w(o) = 7*o + 12527. Is w(h) composite?
False
Suppose 25028 = -46*j + 1366250. Is j a prime number?
False
Suppose 6*z + 213220 = 4*o + 10*z, -6*o + z = -319788. Is o composite?
False
Let x(i) = 198*i**3 - 13 - 94*i**3 + 12*i**2 - 83*i**3 + 13*i - 33*i. Is x(6) composite?
True
Suppose 5*u - 2698950 = -108*z + 103*z, 4*u - 4*z - 2159216 = 0. Is u composite?
False
Let g be 1/(5/(-1) - -4)*0. Suppose -4*d - j + 20 + 1 = g, 5*j - 10 = -d. Suppose -4*l - 407 = -r, 1009 = d*r + 5*l - 1101. Is r prime?
True
Let m be 1 + -5 + (-39 - -47). Suppose m*h = -4*o + 33748, -11052 = -3*h + 5*o + 14291. Is h prime?
False
Suppose 40*y - 39*y - 65914 = -l, -263656 = -4*l - 5*y. Is l a prime number?
False
Suppose r - 5*b - 3 = 7, -r + 10 = b. Is 744506/126 + r/45 composite?
True
Suppose -37*s - 205804 + 295386 = -1956185. Is s prime?
True
Let v(f) be the second derivative of 241*f**4/12 - 11*f**3/6 + f**2/2 - 153*f. Is v(6) a composite number?
True
Suppose m = 4*a + 22, -2 = -4*a - 22. Suppose 2190 = m*o - 4*g, 2*o + 4*g - 1071 = o. Suppose -3*z + 56 = -o. Is z prime?
False
Let a be (-61 + 4)/((35/(-15))/7). Suppose -a = -j - 4*n, 4*n = -5*j + 694 + 97. Is j composite?
True
Suppose -h + 236642 = -5*w - 41094, h - 277746 = -5*w. Is h a prime number?
True
Let c = -8525 - -19212. Is c prime?
True
Let i(w) = w**2 - 5*w - 63. Let z be i(-6). Let j(m) = 257*m**3 + m**2 + 6*m - 25. Is j(z) composite?
True
Let g = 69190 + -28671. Is g a prime number?
True
Suppose 14*h - 32111 = 1251. Suppose -1513 = -4*b + h. Is b prime?
False
Let c = -1133 - -2237. Suppose -3*u + 7002 = -z, 2*u - c = -3*z + 3553. Is u a prime number?
True
Suppose 0 = 2*j - 43245 - 25117. Let n = -19265 + j. Let h = 22133 - n. Is h a prime number?
False
Is -4*4/8*((-5442495)/10 + -4) composite?
True
Let c = 73573 + 176680. Is c prime?
True
Let m(f) = f**2 + 10*f - 6. Let l be m(0). Is ((-631)/4)/(l/24) prime?
True
Let x = -50 - -48. Let h(a) = -a**2 - 3*a - 2. Let m be h(x). Is (-30)/(-10) + 110 + m a composite number?
False
Let w = 18469 - 4446. Is w prime?
False
Let l(b) be the second derivative of -9/20*b**5 + 1/6*b**4 + 0 - 12*b + 1/2*b**3 - 1/2*b**2. Is l(-3) a prime number?
True
Is 12/8*-45865*20/(-150) a prime number?
True
Suppose 5*h - 395 = -370. Suppose 5*p - 2*p - 10021 = -4*n, h*p + 4991 = 2*n. Is n a prime number?
True
Suppose 0 = -4*y + 17 + 3. Suppose -5*x = -4*p - 44, 1 - y = x - 4*p. Let a(t) = -t**3 + 14*t**2 + 12*t - 50. Is a(x) a prime number?
False
Let t(f) = -3*f**3 - 7*f**2 + 45*f + 55. Is t(-12) composite?
False
Suppose -84 = -2*l - l. Suppose b + 6 = -5*x, -4*b + 4*x - 4 = -l. Is (b + 22/(-6))*381 prime?
True
Let h(u) = u**2 - 10*u - 11. Let g be h(10). Is g/(66/117)*1412/(-6) a composite number?
True
Is (-5 + (-2 + 10)*2633)/1 a composite number?
False
Let t = 1348 + -3321. Let x = 13598 - t. Is x a prime number?
False
Suppose 0 = 3*j + 280 - 10. Let z = -2739 + 2400. Let r = j - z. Is r prime?
False
Let z(j) = -j**2 + 8*j - 10. Let b be z(6). Suppose -3*v + 25 = b*v, 5*h = -5*v + 50. Suppose -h*r - 55 = -w + 134, 0 = 4*w + 5*r - 856. Is w composite?
True
Let p(j) = 10*j**2 - 6*j - 5. Let m(g) = 10*g**2 - 5*g - 6. Let d(z) = -2*m(z) + 3*p(z). Let r be d(4). Let c = 216 - r. Is c a composite number?
True
Is 40661450/680 + 6/8 composite?
False
Let l be -66*(-8)/36*(-9486)/(-12). Suppose 7753 + l = 3*p. Is p a prime number?
True
Is 60/(-110) + (-21863832)/(-264) prime?
False
Suppose 5*j + 925506 = l, -l + 827809 + 97729 = -j. Is l composite?
True
Let p = -215 - -229. Suppose -18*b + 143392 = p*b. Is b a composite number?
False
Suppose 0 = 3*t - 66539 - 16508 - 99110. Is t prime?
True
Let v(z) = -z - 20. Let x be v(-24). Suppose 0 = 2*b - x*n - 24, -4*n - 23 = -4*b + 9. Is 1/((-12)/1761*(-1)/b) a composite number?
False
Let p(b) be the third derivative of -3/5*b**6 - 2/3*b**3 + 1/8*b**4 + 0*b + 1/30*b**5 + 0 - 29*b**2. Is p(-3) prime?
True
Let b(f) = 2 + 7*f - 63*f**2 + 34*f**2 + 30*f**2. Let x be b(-4). Is 5/(x/4) + (2 - -67) prime?
True
Suppose -44 = -23*m + 48. Suppose -5*f - 3*g + 6*g = -2230, m*f = -3*g + 1784. Is f prime?
False
Let o(p) = -57 + 39 + 23 + 16*p + 11545*p**2. Is o(2) a prime number?
False
Let n = -35156 + 61645. Is n a composite number?
False
Suppose b - 8350 = 3*j, -j + 1438 = -2*b + 18143. Is b a prime number?
True
Suppose 3*j + 4*p = 16478, 5*j - 27459 - 9 = -2*p. Suppose -h + v + 2738 = 2*v, 4*v + j = 2*h. Is h composite?
False
Let f(g) = -3*g**2 + 15*g + 41. Let b be f(-5). Is b*((-148)/8)/(2/4) a prime number?
False
Let a = -13 - -18. Suppose -2*i - c = -2348, -4*i + 10*c + 4676 = 7*c. Suppose -l + a*l - i = 0. Is l prime?
True
Suppose -688*c + 657*c + 5877383 = 0. Is c a composite number?
False
Suppose -26*r = -24*r - 34034. Suppose -7*p - 2*t + r = -2*p, -2*t = -2. Is p a prime number?
False
Suppose 4*g - 18 - 2 = 0, 3*i - 4*g - 409 = 0. Let b = -111 + i. Is (-1629)/(-4) + b/(-128) composite?
True
Suppose 7252*l - 7284*l + 131777 = -86655. Is l prime?
False
Let r(l) = 2*l**3 + 18*l**2 + 9*l + 12. Let f be r(-8). Let n = 2 - 5. Le